{"id":194,"date":"2025-02-08T23:02:37","date_gmt":"2025-02-08T23:02:37","guid":{"rendered":"https:\/\/e-stant.com.br\/academy\/?page_id=194"},"modified":"2025-04-30T19:27:35","modified_gmt":"2025-04-30T19:27:35","slug":"e-stant-academy","status":"publish","type":"page","link":"https:\/\/e-stant.com.br\/academy\/","title":{"rendered":"E-stant Academy"},"content":{"rendered":"\t\t<div data-elementor-type=\"wp-page\" data-elementor-id=\"194\" class=\"elementor elementor-194\" data-elementor-post-type=\"page\">\n\t\t\t\t<div class=\"elementor-element elementor-element-7c1813c e-flex e-con-boxed e-con e-parent\" data-id=\"7c1813c\" data-element_type=\"container\" data-settings=\"{&quot;background_background&quot;:&quot;classic&quot;}\">\n\t\t\t\t\t<div class=\"e-con-inner\">\n\t\t<div class=\"elementor-element elementor-element-cfca04c e-con-full e-flex e-con e-child\" data-id=\"cfca04c\" data-element_type=\"container\">\n\t\t\t\t<div class=\"elementor-element elementor-element-bc4c059 elementor-widget elementor-widget-jkit_heading\" data-id=\"bc4c059\" data-element_type=\"widget\" data-widget_type=\"jkit_heading.default\">\n\t\t\t\t<div class=\"elementor-widget-container\">\n\t\t\t\t\t<div  class=\"jeg-elementor-kit jkit-heading  align- align-tablet- align-mobile-center jeg_module___6a058ebc5ee1a\" ><div class=\"heading-section-title  display-inline-block\"><h2 class=\"heading-title\">A Escola de Vendas que Ensina Voc\u00ea a Faturar de Verdade com<span class=\"style-color\"><span>Tr\u00e1fego Pago<\/span><\/span><\/h2><\/div><\/div>\t\t\t\t<\/div>\n\t\t\t\t<\/div>\n\t\t\t\t<div class=\"elementor-element elementor-element-b2b6b6f elementor-widget elementor-widget-heading\" data-id=\"b2b6b6f\" data-element_type=\"widget\" data-widget_type=\"heading.default\">\n\t\t\t\t<div class=\"elementor-widget-container\">\n\t\t\t\t\t<h2 class=\"elementor-heading-title elementor-size-default\">Voc\u00ea aprende. Voc\u00ea aplica. Voc\u00ea vende.<\/h2>\t\t\t\t<\/div>\n\t\t\t\t<\/div>\n\t\t\t\t<div class=\"elementor-element elementor-element-955c27f elementor-icon-list--layout-inline elementor-mobile-align-center elementor-list-item-link-full_width elementor-widget elementor-widget-icon-list\" data-id=\"955c27f\" data-element_type=\"widget\" data-widget_type=\"icon-list.default\">\n\t\t\t\t<div class=\"elementor-widget-container\">\n\t\t\t\t\t\t\t<ul class=\"elementor-icon-list-items elementor-inline-items\">\n\t\t\t\t\t\t\t<li class=\"elementor-icon-list-item elementor-inline-item\">\n\t\t\t\t\t\t\t\t\t\t\t<span class=\"elementor-icon-list-icon\">\n\t\t\t\t\t\t\t<i aria-hidden=\"true\" class=\"jki jki-rocket-light\"><\/i>\t\t\t\t\t\t<\/span>\n\t\t\t\t\t\t\t\t\t\t<span class=\"elementor-icon-list-text\">Eventos<\/span>\n\t\t\t\t\t\t\t\t\t<\/li>\n\t\t\t\t\t\t\t\t<li class=\"elementor-icon-list-item elementor-inline-item\">\n\t\t\t\t\t\t\t\t\t\t\t<span class=\"elementor-icon-list-icon\">\n\t\t\t\t\t\t\t<i aria-hidden=\"true\" class=\"jki jki-calendar-solid\"><\/i>\t\t\t\t\t\t<\/span>\n\t\t\t\t\t\t\t\t\t\t<span class=\"elementor-icon-list-text\">Cursos<\/span>\n\t\t\t\t\t\t\t\t\t<\/li>\n\t\t\t\t\t\t\t\t<li class=\"elementor-icon-list-item elementor-inline-item\">\n\t\t\t\t\t\t\t\t\t\t\t<span class=\"elementor-icon-list-icon\">\n\t\t\t\t\t\t\t<i aria-hidden=\"true\" class=\"jki jki-calendar-solid\"><\/i>\t\t\t\t\t\t<\/span>\n\t\t\t\t\t\t\t\t\t\t<span class=\"elementor-icon-list-text\">Mentorias<\/span>\n\t\t\t\t\t\t\t\t\t<\/li>\n\t\t\t\t\t\t<\/ul>\n\t\t\t\t\t\t<\/div>\n\t\t\t\t<\/div>\n\t\t\t\t<div class=\"elementor-element elementor-element-58f33ff elementor-widget elementor-widget-jkit_dual_button\" data-id=\"58f33ff\" data-element_type=\"widget\" data-widget_type=\"jkit_dual_button.default\">\n\t\t\t\t<div class=\"elementor-widget-container\">\n\t\t\t\t\t<div  class=\"jeg-elementor-kit jkit-dual-button jeg_module__1_6a058ebc5f990\" ><div class=\"jkit-dual-button-wrapper\"><a href=\"https:\/\/e-stant.com.br\/academy\/mentoria-em-trafego-pago\/\" class=\"jkit-dual-btn jkit-dual-button-one\">Conhecer a Mentoria<\/a><a href=\"https:\/\/e-stant.com.br\/academy\/metaads\/\" class=\"jkit-dual-btn jkit-dual-button-two\">Cursos<\/a><\/div><\/div>\t\t\t\t<\/div>\n\t\t\t\t<\/div>\n\t\t\t\t<\/div>\n\t\t\t\t\t<\/div>\n\t\t\t\t<\/div>\n\t\t<div class=\"elementor-element elementor-element-866bfe0 e-flex e-con-boxed e-con e-parent\" data-id=\"866bfe0\" data-element_type=\"container\" data-settings=\"{&quot;background_background&quot;:&quot;classic&quot;}\">\n\t\t\t\t\t<div class=\"e-con-inner\">\n\t\t\t\t<div class=\"elementor-element elementor-element-88a7162 elementor-widget elementor-widget-jkit_heading\" data-id=\"88a7162\" data-element_type=\"widget\" data-widget_type=\"jkit_heading.default\">\n\t\t\t\t<div class=\"elementor-widget-container\">\n\t\t\t\t\t<div  class=\"jeg-elementor-kit jkit-heading  align-center align-tablet- align-mobile- jeg_module__2_6a058ebc6012d\" ><div class=\"heading-section-title  display-inline\"><h2 class=\"heading-title\">J\u00e1 ajudamos mais de <span class=\"style-color\"><span>2.000 empresas<\/span><\/span> a venderem no digital<\/h2><\/div><\/div>\t\t\t\t<\/div>\n\t\t\t\t<\/div>\n\t\t\t\t<div class=\"elementor-element elementor-element-da7a3b2 elementor-widget elementor-widget-heading\" data-id=\"da7a3b2\" data-element_type=\"widget\" data-widget_type=\"heading.default\">\n\t\t\t\t<div class=\"elementor-widget-container\">\n\t\t\t\t\t<h2 class=\"elementor-heading-title elementor-size-default\">Conhe\u00e7a nossas imers\u00f5es,cursos e mentorias.<\/h2>\t\t\t\t<\/div>\n\t\t\t\t<\/div>\n\t\t\t\t\t<\/div>\n\t\t\t\t<\/div>\n\t\t\t\t<\/div>\n\t\t","protected":false},"excerpt":{"rendered":"<p>A Escola de Vendas que Ensina Voc\u00ea a Faturar de Verdade comTr\u00e1fego Pago Voc\u00ea aprende. Voc\u00ea aplica. Voc\u00ea vende. Eventos Cursos Mentorias Conhecer a MentoriaCursos J\u00e1 ajudamos mais de 2.000 empresas a venderem no digital Conhe\u00e7a nossas imers\u00f5es,cursos e mentorias.<\/p>\n","protected":false},"author":1,"featured_media":0,"parent":0,"menu_order":0,"comment_status":"closed","ping_status":"closed","template":"","meta":{"footnotes":""},"class_list":["post-194","page","type-page","status-publish","hentry"],"_links":{"self":[{"href":"https:\/\/e-stant.com.br\/academy\/wp-json\/wp\/v2\/pages\/194","targetHints":{"allow":["GET"]}}],"collection":[{"href":"https:\/\/e-stant.com.br\/academy\/wp-json\/wp\/v2\/pages"}],"about":[{"href":"https:\/\/e-stant.com.br\/academy\/wp-json\/wp\/v2\/types\/page"}],"author":[{"embeddable":true,"href":"https:\/\/e-stant.com.br\/academy\/wp-json\/wp\/v2\/users\/1"}],"replies":[{"embeddable":true,"href":"https:\/\/e-stant.com.br\/academy\/wp-json\/wp\/v2\/comments?post=194"}],"version-history":[{"count":31,"href":"https:\/\/e-stant.com.br\/academy\/wp-json\/wp\/v2\/pages\/194\/revisions"}],"predecessor-version":[{"id":483,"href":"https:\/\/e-stant.com.br\/academy\/wp-json\/wp\/v2\/pages\/194\/revisions\/483"}],"wp:attachment":[{"href":"https:\/\/e-stant.com.br\/academy\/wp-json\/wp\/v2\/media?parent=194"}],"curies":[{"name":"wp","href":"https:\/\/api.w.org\/{rel}","templated":true}]}}